7*h**2 + 144*h - 266. What is v(10)?
874
Let x(g) = -477*g - 18216. Determine x(-38).
-90
Let r(q) = 23*q**2 - 7754*q - 31384. What is r(-4)?
0
Let i(l) = -692*l + 79051. Determine i(115).
-529
Let p(s) = -3*s**2 - 91362*s + 182724. Calculate p(2).
-12
Let v(r) = r**3 + 35*r**2 - 252*r - 1110. Determine v(-3).
-66
Let t(p) = 24*p**2 + 1027*p - 2057. What is t(2)?
93
Let t(u) = -3*u**3 - 393*u**2 - 3951*u + 6. Give t(-11).
-93
Let s(f) = 2*f**2 + 53461*f + 320684. Determine s(-6).
-10
Let w(o) = o**3 + 11*o**2 - 252*o - 3136. Determine w(-13).
-198
Let u(a) = -a**2 - 197696*a - 988466. Determine u(-5).
-11
Let w(l) = -18*l**2 - 1728*l + 57091. Give w(-122).
-5
Let i(a) = 151136*a + 1057852. Determine i(-7).
-100
Let h(f) = -9*f**3 - 61*f**2 + 37*f + 184. What is h(-7)?
23
Let y(g) = -5*g**2 - 976*g + 1956. Calculate y(2).
-16
Let f(r) = -r**3 + 10*r**2 + 522*r - 3738. Determine f(7).
63
Let y(k) = 3*k**3 - 28*k**2 + 1016*k - 10354. Determine y(10).
6
Let m(a) = -5937*a + 1187415. Calculate m(200).
15
Let g(c) = -835*c**3 - 83502*c**2 - 199*c + 100. Determine g(-100).
0
Let m(o) = 2*o**3 - 1981*o**2 - 4963*o - 1990. Give m(993).
-4
Let d(k) = -8*k**3 + 133*k**2 + 1048*k - 15785. What is d(10)?
-5
Let p(r) = -2196*r - 87803. Calculate p(-40).
37
Let s(z) = 6*z**3 - 8*z + 36. Give s(3).
174
Let o(k) = k**2 + 167275*k + 8361255. Give o(-50).
5
Let v(x) = -13*x**2 + 28*x - 39. Give v(8).
-647
Let c(l) = 141*l**2 - 1004*l - 48. Calculate c(7).
-167
Let r(o) = -o**2 + 27529*o + 9616559. Give r(-345).
29
Let m(n) = 59774*n + 59744. Give m(-1).
-30
Let b(g) = -11022*g - 484966. What is b(-44)?
2
Let k(n) = n**3 + 31*n**2 + 282*n + 7401. What is k(-25)?
4101
Let o(a) = -8*a**2 + 817*a + 13012. Calculate o(-14).
6
Let z(m) = 1114*m - 2709. Give z(3).
633
Let p(w) = -w**3 + 9*w**2 + 1433*w + 1144. What is p(43)?
-103
Let d(v) = 13493*v - 337326. Give d(25).
-1
Let g(y) = 45*y**2 - 220*y - 72. Give g(-5).
2153
Let c(m) = -4*m**2 + 98*m + 1226. Determine c(-9).
20
Let a(r) = -9025*r - 25850. Calculate a(-3).
1225
Let s(r) = r**3 + 2*r**2 + 15*r + 1296. Determine s(0).
1296
Let d(q) = -868*q**2 - 7898*q + 11. Calculate d(-9).
785
Let g(x) = 54*x**3 + 2050*x**2 - 98*x - 818. Determine g(-38).
18
Let j(c) = c**3 + 16*c**2 + 123*c + 1329. What is j(-14)?
-1
Let c(i) = 4*i**2 - 485*i + 6443. Determine c(106).
-23
Let s(d) = -2*d**3 + 169*d**2 - 85*d + 23. Determine s(84).
-61
Let a(w) = 1881*w - 109106. Calculate a(58).
-8
Let x(l) = -72*l**2 + 1504*l + 4418. Determine x(-3).
-742
Let n(f) = -22*f**3 + 727*f**2 - 32*f + 148. Give n(33).
181
Let r(p) = p**2 + 121*p + 3659. Determine r(-42).
341
Let u(p) = -p**3 + 77*p**2 - 1334*p + 215. What is u(26)?
7
Let l(q) = 25*q**2 + 717*q - 14007. Calculate l(-42).
-21
Let v(c) = -3*c**3 + 318*c**2 + 2677*c + 6690. Calculate v(114).
-36
Let d(y) = -536690*y - 9660419. Determine d(-18).
1
Let x(a) = -25404*a + 609695. Give x(24).
-1
Let r(w) = 864*w - 13904. Determine r(16).
-80
Let a(o) = 2*o**3 + 2232*o**2 + 2292*o + 69136. Give a(-1115).
6
Let c(w) = 2*w**3 + 455*w**2 - 670*w + 4067. Calculate c(-229).
174
Let q(z) = z**2 - 9*z - 3210. Calculate q(63).
192
Let s(f) = -1812*f + 117767. Calculate s(65).
-13
Let u(m) = -11909*m + 4942232. Give u(415).
-3
Let x(o) = 13036*o + 2972204. Determine x(-228).
-4
Let s(b) = -b**3 + 817*b**2 + 3766*b + 282784. Give s(822).
16
Let r(n) = 2*n**2 - 2936*n + 367076. What is r(138)?
-4
Let a(y) = 36*y**3 + 682*y**2 - 32*y - 457. Calculate a(-19).
-571
Let u(n) = -1835*n - 150472. Give u(-82).
-2
Let w(g) = -g**3 - 22*g**2 - 428*g - 776. Determine w(-2).
0
Let a(o) = 2*o**2 + 18536*o + 203653. Calculate a(-11).
-1
Let t(f) = 771*f - 132. Determine t(2).
1410
Let n(x) = -113*x**2 - 6797*x - 607. What is n(-60)?
413
Let d(i) = -i**3 + 204*i**2 + 9172*i - 905. What is d(-38)?
7
Let r(z) = -z**3 + 170*z**2 - 1724*z + 19856. What is r(160)?
16
Let r(b) = b**3 - 714*b**2 + 1929*b + 144862. Give r(711).
-182
Let v(c) = -3295*c**2 + 9881*c + 16. Give v(3).
4
Let d(q) = 12*q**2 + 31*q - 120. What is d(3)?
81
Let b(l) = l**3 + 417*l - 1729. Calculate b(4).
3
Let w(f) = -37501*f + 74990. Give w(2).
-12
Let t(l) = l**3 - 39*l**2 + 199*l + 2635. What is t(29)?
-4
Let n(k) = -14*k**2 - 1617*k - 2591. Determine n(-114).
-197
Let h(i) = -2823*i + 564589. Give h(200).
-11
Let g(w) = 2009*w - 739371. Give g(368).
-59
Let w(x) = x**3 + 296*x**2 - 3096*x + 31. What is w(10)?
-329
Let r(o) = 6609*o + 211483. What is r(-32)?
-5
Let u(v) = 35*v**3 - 2693*v**2 - 160*v + 468. Calculate u(77).
6
Let p(q) = -138523*q + 10804800. Calculate p(78).
6
Let z(m) = -216014*m + 2592159. What is z(12)?
-9
Let n(t) = 179152*t - 3762186. Calculate n(21).
6
Let z(k) = -3632*k - 7238. Calculate z(-2).
26
Let r(i) = 2708*i**3 - 2*i**2 - 240*i + 239. Calculate r(1).
2705
Let q(u) = u**2 - 427*u + 30570. Determine q(91).
-6
Let o(t) = 2*t**3 - 9*t**2 - 42*t - 91. Calculate o(-10).
-2571
Let v(m) = 194534*m - 3696177. What is v(19)?
-31
Let t(o) = -2*o**2 + 960*o - 25352. Calculate t(452).
-40
Let u(w) = -7*w**3 + 63*w**2 - 108*w + 30. What is u(3)?
84
Let i(t) = 4*t**3 + 374*t**2 - 178*t + 323. Give i(-94).
-617
Let h(y) = 98352*y - 295080. Determine h(3).
-24
Let z(h) = 14124*h + 56495. What is z(-4)?
-1
Let y(p) = 16*p**2 - 1983*p + 60658. Determine y(69).
7
Let x(s) = 37077*s - 1260756. Determine x(34).
-138
Let j(q) = 5*q**3 + 70*q**2 - 1304*q - 6007. Determine j(-4).
9
Let b(j) = 4*j**2 + 464*j - 7143. Calculate b(-130).
137
Let t(j) = 79391*j + 7542154. Calculate t(-95).
9
Let y(t) = 3*t**3 - 50*t**2 - 244*t + 2815. Give y(13).
-2216
Let k(o) = -13717*o + 11906345. Give k(868).
-11
Let m(g) = 146624*g - 879751. What is m(6)?
-7
Let u(g) = -459846*g + 1839338. What is u(4)?
-46
Let s(x) = -748604*x - 1497171. Give s(-2).
37
Let s(l) = -l**3 - 97*l**2 - 1655*l + 144. Give s(-74).
-3334
Let p(q) = 4*q**3 + 11050*q**2 + 11041*q - 9. Determine p(-1).
-4
Let k(q) = 2*q**3 - 621*q**2 - 299*q - 3692. Give k(311).
40
Let k(q) = -q**3 - 220*q**2 + 1328*q + 196208. Determine k(-222).
-40
Let o(b) = 258*b**3 - 1305*b**2 + 55*b + 123. Determine o(5).
23
Let b(m) = m**2 - 2586*m - 161464. What is b(-61)?
3
Let s(h) = -49*h**2 + 9405*h + 477. Calculate s(192).
-99
Let q(y) = -7*y**2 - 1012*y - 9879. Calculate q(-134).
37
Let m(b) = b**3 + 8*b**2 + 477*b + 2815. Determine m(-6).
25
Let z(g) = -5*g**2 + 3231*g - 6459. Determine z(2).
-17
Let y(q) = -71*q + 5795. Give y(89).
-524
Let w(r) = -4*r**2 + 152*r + 2667. Give w(59).
-2289
Let x(u) = u**2 + 33*u - 94. Give x(-35).
-24
Let s(d) = -6505*d - 1730343. Determine s(-266).
-13
Let s(h) = 17455*h + 34906. Give s(-2).
-4
Let t(j) = 32*j**3 + 288*j**2 - 38*j - 344. Determine t(-9).
-2
Let j(d) = d**3 + 45*d**2 - 97138*d + 4000. Calculate j(-335).
-20
Let n(i) = 12*i**3 - 11913*i**2 - 14910*i - 5. What is n(994)?
-5
Let g(n) = 60396*n + 2415844. Give g(-40).
4
Let a(x) = 6*x**3 + 25*x**2 - 41*x - 54. Give a(2).
12
Let l(u) = u**3 + 76*u**2 + 730*u - 19. What is l(-12)?
437
Let u(a) = -a**3 - a**2 + 148*a - 158. Determine u(-14).
318
Let k(r) = -r**3 + 27*r**2 + 254*r - 3012. Determine k(25).
4588
Let a(u) = 100428*u - 602551. Determine a(6).
17
Let k(o) = -o**2 - 42*o + 547. What is k(-55)?
-168
Let p(w) = 128*w + 2154. Give p(-16).
106
Let c(t) = 3499*t + 189751. Give c(-54).
805
Let b(u) = -u**2 - 51*u + 742. Give b(0).
742
Let a(q) = -1894*q + 75427. Calculate a(42).
-4121
Let k(l) = 10019*l + 60143. Give k(-6).
29
Let m(v) = 1422*v - 132291. What is m(93)?
-45
Let d(k) = 9507*k - 1901378. Calculate d(200).
22
Let n(q) = -295*q**3 - 7*q**2 + 1268*q + 1273. What is n(-1)?
293
Let z(h) = -28*h**2 - 555*h - 279. Give z(-19).
158
Let z(o) = -32*o**2 + 328*o - 1279. What is z(4)?
-479
Let h(p) = 3*p**2 - 312*p + 2897. What is h(10)?
77
Let h(q) = 40020*q - 279799. Calculate h(7).
341
Let w(p) = 91*p + 9885. What is w(-102)?
603
Let q(a) = 5*a**2 - 332*a - 35168. Determine q(-57).
1
Let p(q) = 3476*q - 21124. What is p(6)?
-268
Let f(z) = z**3 - 258*z**2 + 220*z + 9795. Calculate f(257).
286
Let d(a) = a**3 - 246*a**2 - 1964*a - 17315. Calculate d(254).
-43
Let k(f) = -6*f**2 - 29280*f - 204951. What is k(-7)?
-285
Let n(h) = 1108*h + 44298. Calculate n(-40).
-22
Let q(h) = -484*h**2 - 13085*